r of 2479 and 74?
37
What is the highest common factor of 161 and 92?
23
What is the greatest common factor of 140 and 4690?
70
What is the highest common divisor of 1887 and 119?
17
What is the highest common factor of 25 and 200?
25
What is the greatest common factor of 819 and 756?
63
Calculate the highest common factor of 2416 and 1661.
151
What is the highest common divisor of 748 and 6460?
68
Calculate the greatest common divisor of 7 and 7.
7
Calculate the greatest common factor of 432 and 13176.
216
Calculate the greatest common divisor of 1728 and 256.
64
What is the greatest common factor of 1224 and 17?
17
Calculate the highest common divisor of 2189 and 55.
11
Calculate the greatest common factor of 186 and 2325.
93
Calculate the highest common factor of 84 and 147.
21
Calculate the highest common factor of 8 and 120.
8
Calculate the highest common factor of 4440 and 105.
15
What is the highest common factor of 4032 and 108?
36
Calculate the greatest common factor of 181 and 1.
1
Calculate the greatest common divisor of 132 and 96.
12
Calculate the highest common divisor of 39756 and 12.
12
Calculate the greatest common divisor of 869 and 33.
11
What is the greatest common factor of 137 and 8357?
137
What is the greatest common divisor of 451 and 55?
11
What is the highest common factor of 1450 and 55?
5
What is the greatest common divisor of 27 and 8325?
9
What is the highest common divisor of 357 and 3723?
51
What is the greatest common divisor of 64 and 736?
32
Calculate the highest common divisor of 76 and 17803.
19
Calculate the highest common divisor of 16 and 1184.
16
Calculate the highest common divisor of 3 and 12.
3
What is the greatest common divisor of 355 and 40?
5
What is the highest common factor of 2415 and 35?
35
Calculate the highest common divisor of 12 and 24774.
6
Calculate the highest common factor of 4753 and 98.
49
What is the greatest common factor of 39 and 6591?
39
Calculate the greatest common divisor of 495 and 30.
15
Calculate the greatest common factor of 27 and 36.
9
Calculate the greatest common divisor of 5336 and 23.
23
What is the greatest common divisor of 63 and 336?
21
What is the greatest common divisor of 46 and 11477?
23
Calculate the greatest common factor of 66 and 308.
22
What is the greatest common factor of 344 and 8?
8
Calculate the greatest common divisor of 1616 and 7575.
101
Calculate the greatest common factor of 915 and 105.
15
Calculate the highest common factor of 437 and 19.
19
Calculate the greatest common factor of 3591 and 133.
133
What is the highest common divisor of 759 and 18469?
253
What is the highest common factor of 74 and 2331?
37
What is the greatest common factor of 6 and 1077?
3
Calculate the greatest common divisor of 4395 and 165.
15
What is the highest common factor of 1928 and 16?
8
Calculate the greatest common divisor of 5 and 545.
5
Calculate the greatest common divisor of 4137 and 21.
21
What is the highest common factor of 768 and 12?
12
Calculate the greatest common factor of 20 and 350.
10
Calculate the greatest common divisor of 160 and 256.
32
Calculate the greatest common factor of 114 and 513.
57
Calculate the greatest common factor of 90 and 414.
18
What is the highest common divisor of 297 and 36?
9
Calculate the greatest common divisor of 15 and 30.
15
Calculate the highest common divisor of 16 and 576.
16
What is the greatest common factor of 3397 and 43?
43
Calculate the highest common factor of 10 and 1354.
2
What is the greatest common divisor of 448 and 140?
28
Calculate the highest common divisor of 555 and 15.
15
What is the greatest common divisor of 473 and 22?
11
Calculate the greatest common divisor of 70 and 4095.
35
What is the highest common factor of 64 and 226?
2
What is the highest common divisor of 360 and 72?
72
Calculate the highest common factor of 553 and 79.
79
What is the highest common factor of 595 and 70?
35
Calculate the greatest common factor of 412 and 28.
4
What is the highest common factor of 1349 and 19?
19
Calculate the greatest common divisor of 9 and 1.
1
Calculate the highest common factor of 21 and 21.
21
Calculate the greatest common factor of 399 and 114.
57
Calculate the greatest common factor of 176 and 6963.
11
What is the greatest common factor of 53 and 3127?
53
What is the highest common factor of 13674 and 387?
129
What is the highest common factor of 66 and 606?
6
What is the greatest common factor of 37 and 1147?
37
Calculate the highest common factor of 4334 and 44.
22
Calculate the highest common factor of 3498 and 21.
3
What is the greatest common factor of 217 and 93?
31
Calculate the greatest common divisor of 322 and 434.
14
Calculate the highest common factor of 856 and 72.
8
What is the highest common divisor of 16456 and 51?
17
What is the highest common divisor of 16 and 10?
2
What is the highest common divisor of 7327 and 51?
17
What is the greatest common divisor of 324 and 405?
81
Calculate the highest common factor of 8 and 34.
2
Calculate the highest common divisor of 1394 and 102.
34
Calculate the greatest common divisor of 247 and 456.
19
What is the highest common divisor of 1474 and 1876?
134
What is the highest common divisor of 289 and 17?
17
Calculate the greatest common factor of 140 and 400.
20
What is the highest common factor of 36 and 180?
36
What is the greatest common divisor of 464 and 406?
58
Calculate the greatest common divisor of 931 and 49.
49
What is the highest common factor of 225 and 3075?
75
What is the greatest common divisor of 10632 and 48?
24
Calculate the greatest common factor of 16 and 340.
4
What is the greatest common factor of 102 and 1700?
34
What is the highest common factor of 980 and 112?
28
Calculate the greatest common divisor of 24 and 66.
6
What is the greatest common divisor of 4050 and 30?
30
Calculate the greatest common divisor of 725 and 2465.
145
Calculate the greatest common factor of 52 and 676.
52
Calculate the greatest common divisor of 52 and 24.
4
Calculate the highest common factor of 6666 and 858.
66
What is the greatest common divisor of 413 and 756?
7
Calculate the greatest common factor of 27093 and 11.
11
What is the highest common factor of 250 and 6?
2
What is the greatest common divisor of 312 and 390?
78
Calculate the highest common divisor of 13394 and 148.
74
Calculate the highest common factor of 636 and 48.
12
Calculate the highest common factor of 299 and 23.
23
What is the highest common divisor of 649 and 22?
11
Calculate the greatest common divisor of 37178 and 58.
58
Calculate the greatest common factor of 19250 and 14.
14
Calculate the greatest common factor of 2808 and 72.
72
Calculate the greatest common factor of 23828 and 740.
148
Calculate the greatest common divisor of 516 and 12.
12
What is the greatest common factor of 11 and 1199?
11
What is the highest common factor of 150 and 1545?
15
What is the highest common divisor of 1236 and 4?
4
What is the highest common factor of 80 and 48?
16
Calculate the highest common factor of 147 and 84.
21
Calculate the highest common divisor of 33 and 1221.
33
Calculate the greatest common factor of 300 and 48.
12
Calculate the greatest common factor of 34 and 10.
2
What is the highest common factor of 18 and 18?
18
Calculate the highest common divisor of 207 and 92.
23
What is the greatest common factor of 26990 and 10?
10
What is the greatest common divisor of 189 and 441?
63
Calculate the greatest common divisor of 39 and 403.
13
Calculate the highest common factor of 2173 and 106.
53
What is the greatest common divisor of 110 and 520?
10
What is the greatest common divisor of 108 and 783?
27
What is the greatest common factor of 570 and 2130?
30
Calculate the highest common factor of 54 and 576.
18
Calculate the highest common divisor of 7250 and 58.
58
What is the highest common divisor of 20 and 4105?
5
Calculate the greatest common divisor of 368 and 1016.
8
Calculate the greatest common factor of 105 and 35.
35
What is the highest common factor of 800 and 60?
20
Calculate the highest common factor of 37 and 1184.
37
What is the greatest common divisor of 22616 and 176?
88
What is the greatest common divisor of 105 and 465?
15
What is the highest commo